y).
2
Let n = -262 - -623. What are the prime factors of n?
19
Suppose -11 = 4*f - 6*f - 3*i, 4*f = 3*i + 13. What are the prime factors of f?
2
Let r(i) = i**3 + 8*i**2 + 4*i - 9. Suppose -z = -3*w + z + 13, 2*z = 5*w - 23. Suppose -w*n = 54 - 19. List the prime factors of r(n).
2, 3
Let f(h) = h + 1. Let j(p) = p - 8. Let z(k) = 2*f(k) + j(k). What are the prime factors of z(7)?
3, 5
Suppose -7*y = -3*y - 24. Suppose 2*j - 5*g + 14 = 0, -3*g - 2 = -2*j - y*g. List the prime factors of (j/2)/(-1)*6.
2, 3
Let r = 6 + -4. Suppose r*b - 4*l = -0*l + 12, -b + 2 = 2*l. Suppose 0 = 5*h + b*m - 70, 4*h + h + m - 55 = 0. List the prime factors of h.
2, 5
Let z(b) = -b + 55. Let u = -22 + 22. List the prime factors of z(u).
5, 11
List the prime factors of ((-16)/(-40))/((-3)/(-6210)*3).
2, 3, 23
Let q(d) = -d**3 - 10*d**2 - 10*d + 6. Let h be q(-9). Suppose 2 = -s + h. List the prime factors of s.
13
Let u(w) = w**3 - 7*w**2 - 8*w - 1. Let d be u(8). What are the prime factors of (6 - 2/d) + -2?
2, 3
Suppose 0 = -2*s + 38 - 4. Suppose 0 = -q + s + 22. List the prime factors of q.
3, 13
What are the prime factors of (-78)/(-8) - (21/12 + -2)?
2, 5
Let k = -2 + 7. Suppose 4*h - 89 = 79. Suppose k*y - h = 13. List the prime factors of y.
11
List the prime factors of (183/(-3))/(1*-1).
61
Suppose 3*b = 4*a + 37, b - 9 = -0*b - 2*a. What are the prime factors of b?
11
Let v be (-60)/(-25) + 2/(-5). Suppose 105 = l + v*l. List the prime factors of l.
5, 7
Let y(v) = -v + 4. Let m = -7 + 1. List the prime factors of y(m).
2, 5
Let b(f) = f**3 - 2*f**2 + f. Let k be b(1). Let p be k*3/(-9) - -37. Let g = 53 - p. What are the prime factors of g?
2
Let h = 427 + -158. Suppose 5*d = -5*z + 21 + h, -110 = -2*z - 5*d. What are the prime factors of z?
2, 3, 5
List the prime factors of 1 + (0 - -1) + 38.
2, 5
Let z = -10 + -2. Let g be ((-2)/(-4))/((-2)/z). Suppose 5*q + 1 = 2*j, 4*q + 0*q - 36 = -g*j. List the prime factors of j.
2
Let a(g) = g**2 + 3*g + 3. Let j be a(-3). Suppose 0 = -d + p, 4*d = 6*d - j*p + 3. List the prime factors of d.
3
List the prime factors of (20/(-30))/(2/(-111)).
37
Let j be 2/12 - 115/(-30). Suppose -r + 2 = j*c - 3*c, r + 2*c - 1 = 0. Let l = 0 + r. List the prime factors of l.
3
Let g be ((-8)/(-6))/((-1)/6). Let k be (-10)/(-8) - (-2)/g. Suppose -w + k + 12 = 0. What are the prime factors of w?
13
Let x = 3 + -1. Suppose -2*r - 3 = -3*s + 7, 3 = -5*r + x*s. Let q = 5 - r. List the prime factors of q.
2
Suppose 0*z - 5*z = -25. Let t = 38 - 35. Suppose z*o - t*c - 11 = 3*o, c - 57 = -4*o. List the prime factors of o.
13
Suppose 2*d - 51 - 43 = 0. What are the prime factors of d?
47
Suppose 0 = 2*r + 2 - 8. Suppose 35 = r*j + 2*j. List the prime factors of j.
7
List the prime factors of 2 - (-89 - (-1 - 2)).
2, 11
Suppose -2*u = -5*g - 94, 0*u + 3*u + 4*g - 164 = 0. List the prime factors of u.
2, 13
Suppose 4*o = -o - 20. Let i(z) = -z**3 - 2*z**2 + z + 2. List the prime factors of i(o).
2, 3, 5
Let d = 15 + -10. Let q be -1 - 2 - -6 - 6. Let o = d - q. List the prime factors of o.
2
Suppose 3*o = 216 - 54. Let h = 83 - o. List the prime factors of h.
29
Suppose u = -3*u + 36. Suppose 3*y + 0*y = -u. What are the prime factors of ((-60)/y)/(3 - 1)?
2, 5
Let k(s) = s**3 + 11*s**2 + 2*s + 13. Let f be k(-11). List the prime factors of (-44)/(-6) - (-3)/f.
7
List the prime factors of 76/95 + 1122/10.
113
Let p be 48/8*1/2. Suppose -p*k = -28 - 14. List the prime factors of k.
2, 7
Suppose -y + 7*y = 12. List the prime factors of y.
2
Let s(a) = a**3 - a**2 + a. Let g be s(0). Suppose g = 2*n - 14 - 6. Let r = n - 7. What are the prime factors of r?
3
Let c(l) = -13*l + 1. Let o be c(-2). Let a = -11 + o. What are the prime factors of a?
2
Let a be 3 + 5/1 + -3. Suppose -30 = -3*i + a*n, n + 20 = 3*i - i. List the prime factors of i.
2, 5
Let v = 287 - -78. Suppose 125 = -3*k + v. Suppose -5*n = 10 - k. What are the prime factors of n?
2, 7
Let j = -3 + 6. List the prime factors of (-4 - -5) + j*6.
19
Let r be (-10)/(-45) + (-1108)/(-36). Let m = r - -1. List the prime factors of m.
2
Suppose -5*d - 35 = -4*s, -2*s + 11 = -5*d - 14. Suppose s*y + 3 = 18. Suppose -2*b + 8 = 0, -y*b - 2*b = 5*l - 40. What are the prime factors of l?
2
Let g be (-4)/(-4)*70 + -2. Suppose 5*a - 2 = g. List the prime factors of a.
2, 7
Let i(v) = -13*v - 2. List the prime factors of i(-3).
37
List the prime factors of (2/6)/(11/2178).
2, 3, 11
Let t(o) = o - 1. Let q be t(-1). Let b be 12 + (1 - (-1 - q)). Suppose 0 = v - 2*v + b. What are the prime factors of v?
2, 3
Suppose -8 = -5*j + j. Suppose -4*a + 20 = -5*d, 7*a = j*a + 5*d + 20. List the prime factors of (3 - a)/(3/4).
2
Let q = 294 - 95. List the prime factors of q.
199
Let a be (2 + -1)*-2 - -4. Suppose -40 = -a*t - 12. What are the prime factors of t?
2, 7
Suppose -m + 10 = 4*m. Suppose 3*s = -p + 16, -3*s + 52 = 3*p + m*s. List the prime factors of p.
19
Suppose -j - s + 367 = 0, 14 = -3*s + 2. What are the prime factors of j?
7, 53
Suppose 8*o - 80 - 88 = 0. What are the prime factors of o?
3, 7
Suppose 5*k - 184 = 166. Let x = -25 + k. What are the prime factors of x?
3, 5
Let b(u) = 6*u**3 + 2*u + 5. Let o(x) = -x**2 + 1. Let f(d) = -b(d) + 3*o(d). List the prime factors of f(-2).
2, 19
Let w(d) = d**3 - 4*d**2 - 9*d - 2. Let c(h) = -h**2 - h - 1. Let r = -2 + 3. Let s(i) = r*w(i) - 5*c(i). List the prime factors of s(2).
7
Suppose -5*w + w + 80 = 0. Suppose s + 3*s = w. Suppose c - 25 + 3 = -3*j, s*j = 4*c + 48. What are the prime factors of j?
2
Suppose 9*v - 78 = 12*v. Let b = -23 - v. List the prime factors of b.
3
Suppose 2*i + 8 = -4*u + 2, 5*i - 5 = 0. List the prime factors of ((-2)/1 - -9) + u.
5
Let k(o) = 2*o - 9. Let h be k(10). Suppose 4*b - h = 37. What are the prime factors of b?
2, 3
Suppose 0 = f - 2*f + 39. Suppose 6*n = 2*n - 3*m + 41, 3*n = -5*m + f. List the prime factors of (2 - n/2) + 4.
2
Let g(v) = -v + 2*v - 2*v - 4 - 1. Let l be g(-7). Suppose -l*b + 5*b = 5*s - 82, -5*s = 5*b - 90. What are the prime factors of s?
17
Let f = 277 - 155. What are the prime factors of f?
2, 61
Suppose -6*t + 1575 = 9*t. List the prime factors of t.
3, 5, 7
Suppose n = 6*n + 2*v + 145, -2*v = -2*n - 72. Let s = n + 64. List the prime factors of s.
3, 11
Let q = 1 + 1. What are the prime factors of q?
2
Let r(p) = p**2 + 3*p + 13. What are the prime factors of r(8)?
101
Suppose -g = -i + 25, -4*i = -0*g + 5*g - 91. Suppose 4*x = 6*x - i. Suppose 11 = 3*n - r, 0 = r - 4*r + x. What are the prime factors of n?
5
Let y(r) = 2*r**3 - 3*r**2 - r + 2. Let d = -2 + 5. List the prime factors of y(d).
2, 13
Let p(a) = -a + 5. Let o be p(10). What are the prime factors of 16 - o/((-15)/6)?
2, 7
Let p(d) be the first derivative of -d**2/2 + d + 3. What are the prime factors of p(-5)?
2, 3
Let m(q) = -q**3 - 5*q**2 - 5*q - 1. Let k be m(-4). Suppose -c = -3*y - 5, -2*c + 25 = k*c - 5*y. What are the prime factors of c?
5
Suppose 3*o - 101 - 52 = 0. Let m = -15 + o. Suppose s - m = -3*s. What are the prime factors of s?
3
List the prime factors of 2 - 4/4 - -13.
2, 7
Suppose -4*h = 3*v + 110, -v - h - 55 = 4*h. Let l = v - -42. List the prime factors of l.
2, 3
Suppose -9*m - m + 50 = 0. Suppose 5*u - 2*u = -3. Let z = m - u. What are the prime factors of z?
2, 3
Suppose 0*v + 10 = u - 3*v, -5*u + v = -8. Let f(x) be the second derivative of x**3/2 - x**2/2 - 2*x. List the prime factors of f(u).
2
Let p = 79 - 38. What are the prime factors of p?
41
Suppose -5*c - 4*h + 19 = -125, 2*h - 88 = -3*c. What are the prime factors of c?
2
Let n(m) be the second derivative of m**4/12 - m**3/6 + 20*m**2 - m. What are the prime factors of n(0)?
2, 5
Let x(t) = -t**2 + 7*t - 5. Let w be x(5). Let l(o) = -o**2 + w*o - 1 + 0*o**2 + 3*o. List the prime factors of l(7).
2, 3
Let f(n) = -n**2 + 9*n + 14. Let j be f(10). Suppose 30 = 5*i - 5*g, -j*i + i + 22 = -4*g. List the prime factors of i.
2
Suppose -25 = 2*u - 4*u + 3*s, -4*u + 45 = -5*s. Let l(k) = k**2 - 6*k + 19. Let g be l(0). Suppose u*p - 89 = -g. List the prime factors of p.
2, 7
Suppose 0 = 2*a - g - 4*g - 61, -a = -g - 23. Let o = -6 + a. Suppose -d - d = -o. List the prime factors of d.
2, 3
Suppose 3*k - 81 = 3. List the prime factors of k.
2, 